e the remainder when c(13) is divided by 10.
6
Let h(w) = -w + 10*w**2 - 5*w**2 + 0 + 4. What is the remainder when h(2) is divided by 6/7*(-35)/(-5)?
4
Suppose 3*d - 16*d = -65. Suppose 5*s + q - 4 - 3 = 0, d*q = -15. Calculate the remainder when 17 is divided by s.
1
Suppose -8 = -f - 0. Let y(o) = -38*o + 6 + 3 - f. What is the remainder when y(-1) is divided by 20?
19
Suppose -s = i - 39, -5*i = -2*s - 3*s - 155. Suppose -i - 3 = -2*r. Calculate the remainder when 52 is divided by r.
14
Suppose 0 = 12*t - 36*t + 3456. What is the remainder when t is divided by 26?
14
Let y(n) = 9*n - 4*n - 7*n + n + 9. What is the remainder when (212/(-6))/((-4)/6) is divided by y(-5)?
11
Suppose 86 = 5*d + 26. Let r(f) = 2*f**2 + 5*f - 7. Calculate the remainder when r(4) is divided by d.
9
Let o(v) = -v**3 + 13*v**2 - 24*v + 51. Calculate the remainder when 79 is divided by o(11).
21
Let n(w) = w + 24. Let m(a) = 2*a**3 + 3*a**2 - 2*a + 1. What is the remainder when m(2) is divided by n(-15)?
7
Suppose 0 = -2*z + 5*z - 195. What is the remainder when 129 is divided by z?
64
Suppose 0 = 17*q - 43 - 314. What is the remainder when 334 is divided by q?
19
Let r(m) = m**2 - 14*m - 8. Let s be r(15). Suppose -5*y + s*y = 18. What is the remainder when 9/(-6)*(-68)/6 is divided by y?
8
Let h = -1 + 2. Let l(z) = z**2 - 60*z + 655. What is the remainder when h/2 - 70/(-4) is divided by l(46)?
7
Suppose -6*m + 9*m + 177 = 0. Let v = 114 + m. Suppose -3*d = -5*d + 28. What is the remainder when v is divided by d?
13
Suppose -d - j = -67, -4*d + 94 = -2*j - 162. What is the remainder when d is divided by 25?
15
Let o be (-40)/6 - (-12)/18. Let k = 9 + o. Suppose -k*p - 24 = -90. What is the remainder when p is divided by 8?
6
Let d = -361 + 657. Calculate the remainder when d is divided by 20.
16
Let b(c) = -c**3 - 4*c**2 - 4*c - 4. Suppose 5 = x + 9. Let s be b(x). Suppose s = 4*p - 0. Calculate the remainder when p is divided by 1.
0
Suppose -42*f + 44*f = 298. What is the remainder when f is divided by 38?
35
Suppose 1151 = 3*a + 236. What is the remainder when a is divided by 77?
74
Suppose 4*f - 3160 - 664 = 0. What is the remainder when f is divided by 80?
76
Let t = 300 + -272. What is the remainder when 55 is divided by t?
27
Suppose 2*r - 146 = -4*p + 172, 5*p - 3*r = 370. Let g be (3/(-6))/(2/52). Let q = 29 + g. Calculate the remainder when p is divided by q.
13
Let k = -35 + 46. Let i be (-7)/2 - (-2)/(-4). What is the remainder when 2/i - 85/(-2) is divided by k?
9
Suppose 2*u - 15 = -5*z + 39, 5*z + 4*u - 58 = 0. Calculate the remainder when 29 is divided by z.
9
Let s(z) = 29*z + 14. What is the remainder when s(2) is divided by 5?
2
Calculate the remainder when 28 - (-5 + 17)*2/6 is divided by 4.
0
Let q(a) = a**2 + 2*a - 4. Let l be q(-4). Suppose -l*k = k. Suppose 0 = -k*m - 2*m + 60. What is the remainder when m is divided by 16?
14
Let a(j) = j + 20. Let w = 5 + 17. What is the remainder when w is divided by a(-12)?
6
Calculate the remainder when ((-20)/16)/(3/(-300)) is divided by 18.
17
Let p(f) = -f**3 - 2*f**2 + 2*f - 1. Suppose 2*m - 12 = 12. What is the remainder when p(-4) is divided by m?
11
Let c(d) = -24*d - 239. What is the remainder when 1677 is divided by c(-13)?
71
Suppose 2*m = -0*m + 4. Suppose 5*v + 10 = 0, 2*x + 2*v + 6 = -v. Suppose -12 = 4*l, x = 5*d + 2*l + 11 - 40. What is the remainder when d is divided by m?
1
Suppose -40*j + m + 557 = -37*j, -3*m + 199 = j. Calculate the remainder when j is divided by 54.
25
Let b(h) = 31*h**2 + 1. Calculate the remainder when b(1) is divided by (11 + -30 + 17)/((-2)/17).
15
Suppose 11*i = 12*i - n - 51, -5*n = -3*i + 161. Calculate the remainder when i is divided by 3.
2
Let p(i) = 2*i**2 - 7. Calculate the remainder when 448 is divided by p(-3).
8
Let c be 18/(-42) - 1100/14. Let m = c + 173. Calculate the remainder when m is divided by 16.
14
Suppose 2*g = 6*p - 7*p + 164, 0 = 3*g + 2*p - 246. Calculate the remainder when g is divided by 48.
34
Let k = -127 + 286. Calculate the remainder when k is divided by 27.
24
Calculate the remainder when 224 is divided by 4/(-2) + (25 - -90).
111
Let a = 18 + -5. Suppose 5*u - u - 8 = 0. What is the remainder when a is divided by (6 + -2)/(1/u)?
5
Calculate the remainder when (12/(-8))/((-1)/106) is divided by 27.
24
Let d(c) = 2*c**3 + c**2 + 2*c + 9. Suppose -4*j + 8 = 3*t - 0*j, 3*t - 4*j = -8. What is the remainder when 23 is divided by d(t)?
5
Suppose -8 = -3*y + 2*y. Let m(c) = c**3 + 8*c**2 - 3*c - 7. What is the remainder when m(-7) is divided by y?
7
Let p(z) = -3*z**2 + 23*z - 26. Calculate the remainder when 59 is divided by p(4).
5
Let b = 368 + 711. What is the remainder when b is divided by 36?
35
Let x = 19 - -6. Let o = -14 + x. What is the remainder when 31 is divided by o?
9
Let d(v) = v**2 - 4*v + 8. Let a(g) be the third derivative of g**4/8 + g**3/6 + 2*g**2. What is the remainder when a(4) is divided by d(2)?
1
Suppose -5*h + 4 + 56 = 0. Suppose -23*l + 25*l + z = 20, 0 = 4*z + 8. Calculate the remainder when h is divided by l.
1
Let a(w) = 2*w + 3. Let d be a(-1). What is the remainder when 13 is divided by (d + 15/(-21))*14?
1
Let q = 10 + 18. Let r = 32 - q. Suppose -4*h + 4*d + 44 = 0, 0 = 3*d + d + 8. What is the remainder when h is divided by r?
1
Let a(n) = -n**3 - 17*n**2 + 8*n + 212. Calculate the remainder when a(-17) is divided by 41.
35
Suppose 0 = 3*w + 3*z - 28 - 23, 0 = 3*w - 4*z - 16. Calculate the remainder when (138/(-16)*2)/((-63)/168) is divided by w.
10
Suppose 9*t - 78 = 3*t. What is the remainder when (2/4)/(-14*(-1)/3584) is divided by t?
11
Suppose w - 11 = -3*g, 3 - 45 = -2*w + 4*g. Calculate the remainder when 28 is divided by (-1 + -2)*w/(-3).
11
Let z be (-8 + 8)/((-2)/1). Suppose z = -2*b + 6*b - 116. Suppose -4 - 14 = -3*p. Calculate the remainder when b is divided by p.
5
Let d(r) = 3*r - 3. Let x be d(2). Suppose -2*u - u - 5*t + 355 = 0, -x*u = 2*t - 340. Suppose 3*l - u = l. Calculate the remainder when l is divided by 14.
13
Suppose 75 - 23 = 4*l. Calculate the remainder when l is divided by (5 + -2)*8/3.
5
Suppose 2*t + 12 = 4, -4*t = -p + 44. Let n = -24 + p. What is the remainder when 4/6 + (-38)/(-6) is divided by n?
3
Calculate the remainder when ((-104)/(-8) - 8)*113/5 is divided by 9.
5
Let s = -11 + 3. Let j = 0 + s. What is the remainder when (j/6)/((-4)/30) is divided by 5?
0
Suppose 0 = s + 3*o + 3, -3*o + 1 + 8 = 3*s. What is the remainder when 29 is divided by s?
5
Let a(r) = 0*r**2 - r**2 - 5*r + 0 - 2*r + 5. Suppose -17 = 4*v + 11. Calculate the remainder when 5 is divided by a(v).
0
Let t(w) = w**3 - 10*w**2 + 8*w + 12. Let j be t(9). Suppose -j*a + 25 = -50. Let n = -13 - -26. Calculate the remainder when a is divided by n.
12
Suppose 167 = -6*b + 449. Calculate the remainder when 326 is divided by b.
44
Suppose -4*d - 4*j = -20, 39 = -16*d + 19*d - 5*j. Let c = -27 - -42. What is the remainder when c is divided by d?
7
Let t be 0*(-3 + (4 - 0)) - 28. What is the remainder when t/(-2*2)*306/21 is divided by 26?
24
Let h be 0/(4 - 3 - -3). Suppose h = -34*d + 36*d - 54. What is the remainder when 79 is divided by d?
25
Suppose 54 = 5*q + 264. Suppose 18 = 2*z - 26. What is the remainder when z is divided by (4/(-4))/(7/q)?
4
Suppose j - 80 = -3*j. Suppose -j*p + 5*p = -600. Calculate the remainder when p is divided by 14.
12
Let a = 608 - 607. Calculate the remainder when 31 is divided by a.
0
Suppose 0 = 15*o - 9 - 51. Suppose 4*t - 72 + o = 0. Calculate the remainder when 115 is divided by t.
13
Suppose -35 = -4*i + 4*v + 25, 5*i = v + 87. What is the remainder when 72 + -1*(1 + 0) is divided by i?
17
Let w be -8 + (1 + 2 - 1*3). Let v = w - -32. Calculate the remainder when 66 is divided by v.
18
Calculate the remainder when (-3)/(-2)*46718/213 is divided by 11.
10
Suppose -3*l + 5*a + 186 = 0, -5*l - a = -0*a - 310. Calculate the remainder when 740 is divided by l.
58
Suppose -3*m - 177 = -3*r, -4*r + 3*m + 106 = -125. What is the remainder when 157 is divided by r?
49
Suppose n - k - 69 = 4*k, -5*n + 385 = -5*k. What is the remainder when n is divided by 22?
13
What is the remainder when 887 is divided by (-76)/228*(-111)/1?
36
Let m(q) = q**3 - 7*q**2 - 10*q + 